{"id":1307,"date":"2024-10-25T12:08:37","date_gmt":"2024-10-25T09:08:37","guid":{"rendered":"https:\/\/eisiskiuarsportomokykla.lt\/?page_id=1307"},"modified":"2024-10-25T13:28:30","modified_gmt":"2024-10-25T10:28:30","slug":"praneseju-apsauga","status":"publish","type":"page","link":"https:\/\/eisiskiuarsportomokykla.lt\/index.php\/praneseju-apsauga\/","title":{"rendered":"Prane\u0161\u0117j\u0173 apsauga"},"content":{"rendered":"\n<p>Ei\u0161i\u0161ki\u0173 A.Ratkevi\u010diaus sporto mokykloje informacij\u0105 vidiniu informacijos apie pa\u017eeidimus teikimo kanalu gali pateikti, bet kuris fizinis asmuo, kur\u012f su Sporto mokykla, \u012fstaiga ar \u012fmone sieja ar siejo tarnybos, darbo ar sutartiniai santykiai (konsultavimo, rangos, subrangos, sta\u017euot\u0117s, praktikos, savanori\u0161kos veiklos ir pan.) arba \u012fdarbinimo ar kiti ikisutartiniai santykiai, taip pat savaranki\u0161kai dirban\u010dio asmens status\u0105 turintis asmuo, akcininkas ar asmuo, priklausantis \u012fmon\u0117s administraciniam, valdymo ar prie\u017ei\u016bros organui (\u012fskaitant vykdom\u0173j\u0173 gali\u0173 neturin\u010dius narius, taip pat savanorius ir apmokamus ar neapmokamus sta\u017euotojus), arba bet kuris fizinis asmuo, dirbantis pri\u017ei\u016brint ir vadovaujant rangovams, subrangovams ir (ar) tiek\u0117jams.\u00a0<br><br>Pagal Lietuvos Respublikos prane\u0161\u0117j\u0173 apsaugos \u012fstatym\u0105 informacija apie pa\u017eeidimus teikiama d\u0117l:<br>1) pavojaus visuomen\u0117s saugumui ar sveikatai, asmens gyvybei ar sveikatai;<br>2) pavojaus aplinkai;<br>3) kliudymo arba neteis\u0117to poveikio teis\u0117saugos institucij\u0173 atliekamiems tyrimams ar teismams vykdant teisingum\u0105;<br>4) neteis\u0117tos veiklos finansavimo;<br>5) neteis\u0117to ar neskaidraus vie\u0161\u0173j\u0173 l\u0117\u0161\u0173 ar turto naudojimo;<br>Pagal Lietuvos Respublikos prane\u0161\u0117j\u0173 apsaugos \u012fstatym\u0105 informacija apie pa\u017eeidimus teikiama d\u0117l:<br>1) pavojaus visuomen\u0117s saugumui ar sveikatai, asmens gyvybei ar sveikatai;<br>2) pavojaus aplinkai;<br>3) kliudymo arba neteis\u0117to poveikio teis\u0117saugos institucij\u0173 atliekamiems tyrimams ar teismams vykdant teisingum\u0105;<br>4) neteis\u0117tos veiklos finansavimo;<br>5) neteis\u0117to ar neskaidraus vie\u0161\u0173j\u0173 l\u0117\u0161\u0173 ar turto naudojimo;<br>6) neteis\u0117tu b\u016bdu \u012fgyto turto;<br>7) padaryto pa\u017eeidimo padarini\u0173 sl\u0117pimo, kliudymo nustatyti padarini\u0173 mast\u0105;<br>8) pa\u017eeidim\u0173, nurodyt\u0173 Lietuvos Respublikos teisingumo ministro patvirtintame s\u0105ra\u0161e, parengtame atsi\u017evelgiant \u012f Direktyvoje (ES) 2019\/1937 nurodyt\u0173 Europos S\u0105jungos teis\u0117s akt\u0173 taikymo srit\u012f;<br>9) kenkimo Europos S\u0105jungos finansiniams interesams, kaip nurodyta Sutarties d\u0117l Europos S\u0105jungos veikimo 325 straipsnyje ir i\u0161samiau apib\u016bdinta susijusiose Europos S\u0105jungos priemon\u0117se;<br>10) pa\u017eeidim\u0173, susijusi\u0173 su vidaus rinka, kaip nurodyta Sutarties d\u0117l Europos S\u0105jungos veikimo\u00a026 straipsnio 2 dalyje, \u012fskaitant Europos S\u0105jungos konkurencijos ir valstyb\u0117s pagalbos taisykli\u0173 pa\u017eeidimus, taip pat su vidaus rinka susijusius pa\u017eeidimus d\u0117l veiksm\u0173, kuriais pa\u017eeid\u017eiamos pelno mokes\u010dio taisykl\u0117s, arba susitarimus, kuriais siekiama \u012fgyti mokestin\u012f prana\u0161um\u0105, kenkiant\u012f taikytinos pelno mokes\u010dio teis\u0117s dalykui arba tikslui;<br>11) kit\u0173 pa\u017eeidim\u0173.<\/p>\n\n\n\n<p>Informacija apie pa\u017eeidimus teikiama siekiant apsaugoti vie\u0161\u0105j\u012f interes\u0105. Informacijos pateikimas siekiant apginti i\u0161skirtinai asmeninius interesus nelaikomas prane\u0161imu.<\/p>\n\n\n\n<p>Asmuo, teikiantis informacij\u0105 apie pa\u017eeidim\u0105, j\u0105 gali pateikti vienu i\u0161 \u0161i\u0173 b\u016bd\u0173:<br>Tiesiogiai telefonu Lilija Firinovi\u010d-direktoriaus pavaduotoja ugdymui +37061411327.<br>El.p. lilija.firinovic@eisiskiuarsportomokykla.lt <\/p>\n\n\n\n<p>Informacija gali b\u016bti teikiama u\u017epildant&nbsp; Lietuvos Respublikos Vyriausyb\u0117s 2018 m. lapkri\u010dio 14 d. nutarimu Nr. 1133 ,,D\u0117l Lietuvos Respublikos prane\u0161\u0117j\u0173 apsaugos \u012fstatymo \u012fgyvendinimo\u201c patvirtint\u0105 Prane\u0161imo apie pa\u017eeidim\u0105 form\u0105 arba apie pa\u017eeidim\u0105 prane\u0161ant laisvos formos prane\u0161imu, kuriame turi b\u016bti pateikta \u017eemiau nurodyta informacija ir nurodyta, kad informacija teikiama vadovaujantis Prane\u0161\u0117j\u0173 apsaugos \u012fstatymu.<\/p>\n\n\n\n<p>Informacij\u0105 apie pa\u017eeidim\u0105 teikiantis asmuo nurodo:<\/p>\n\n\n\n<ul class=\"wp-block-list\">\n<li>kas, kada, kokiu b\u016bdu ir kok\u012f pa\u017eeidim\u0105 padar\u0117, daro ar rengiasi daryti;<\/li>\n\n\n\n<li>su\u017einojimo apie pa\u017eeidim\u0105 dat\u0105 ir aplinkybes;<\/li>\n\n\n\n<li>savo vard\u0105, pavard\u0119, asmens kod\u0105, darboviet\u0119, kitus kontaktinius duomenis;<\/li>\n\n\n\n<li>jei \u012fmanoma, pateikia bet kokius turimus dokumentus, duomenis ar informacij\u0105, atskleid\u017eian\u010di\u0105 galimo pa\u017eeidimo po\u017eymius;<\/li>\n\n\n\n<li>ar apie pa\u017eeidim\u0105 jau yra kam nors prane\u0161\u0119s ir, jei prane\u0161\u0117, kam buvo prane\u0161ta,ar buvo gautas atsakymas;<\/li>\n\n\n\n<li>kad yra susipa\u017ein\u0119s su teisin\u0117mis pasekm\u0117mis u\u017e melagingos informacijos teikim\u0105.<\/li>\n<\/ul>\n\n\n\n<p>Nuo informacijos apie pa\u017eeidim\u0105 gavimo \u012fstaigoje visiems \u012estatymo nustatyta tvarka informacij\u0105 apie pa\u017eeidimus pateikusiems asmenims taikomos asmen\u0173 apsaugos, skatinimo ir pagalbos jiems priemon\u0117s:<\/p>\n\n\n\n<ul class=\"wp-block-list\">\n<li>saugi\u0173 informacijos apie pa\u017eeidimus teikimo kanal\u0173 u\u017etikrinimas;<\/li>\n\n\n\n<li>konfidencialumo u\u017etikrinimas;<\/li>\n\n\n\n<li>draudimas daryti neigiam\u0105 poveik\u012f;<\/li>\n\n\n\n<li>teis\u0117 gauti i\u0161sami\u0105, ne\u0161ali\u0161k\u0105 informacij\u0105 ir nemokamas konsultacijas d\u0117l informacijos apie pa\u017eeidimus teikimo proced\u016br\u0173 ir teisi\u0173 gynimo priemoni\u0173 suteikimo.<\/li>\n<\/ul>\n\n\n\n<p>Prie\u0161 informacij\u0105 apie pa\u017eeidim\u0105 pateikus\u012f asmen\u012f ar prane\u0161\u0117j\u0105 d\u0117l tokios informacijos pateikimo nuo \u0161ios informacijos pateikimo dienos draud\u017eiama imtis, grasinti imtis ir bandyti imtis neigiamo poveikio priemoni\u0173.<\/p>\n\n\n\n<p>Draud\u017eiama daryti neigiam\u0105 poveik\u012f ir informacij\u0105 apie pa\u017eeidim\u0105 pateikusio asmens ar prane\u0161\u0117jo \u0161eimos nariams, giminai\u010diams, kolegoms, dirbantiems \u012fstaigoje arba kitame su \u012fstaiga subordinaciniais ry\u0161iais susijusiame juridiniame asmenyje, kuriame informacij\u0105 apie pa\u017eeidim\u0105 pateikusio asmens \u0161eimos narys, giminaitis, kolega&nbsp;d\u0117l informacijos apie pa\u017eeidim\u0105 pateikimo gali patirti neigiam\u0173 padarini\u0173. \u0160iems asmenims, kurie d\u0117l informacijos apie pa\u017eeidim\u0105 pateikimo patyr\u0117 neigiam\u0105 poveik\u012f, taikomos Prane\u0161\u0117j\u0173 apsaugos \u012fstatymo 11 straipsnio nuostatos.<\/p>\n\n\n\n<p>Kai neigiamas poveikis daromas asmeniui, pateikusiam informacij\u0105 apie pa\u017eeidim\u0105 per \u012fstaigos vidin\u012f informacijos apie pa\u017eeidimus teikimo kanal\u0105, jis pateikia prane\u0161im\u0105 kompetentingai institucijai, kuri sprend\u017eia klausim\u0105 d\u0117l asmens pripa\u017einimo prane\u0161\u0117ju.<\/p>\n\n\n\n<p>\u017dinomai melagingos informacijos, taip pat valstyb\u0117s, tarnybos ar profesin\u0119 paslapt\u012f sudaran\u010dios informacijos apie pa\u017eeidim\u0105 pateikimas nesuteikia informacij\u0105 apie pa\u017eeidim\u0105 pateikusiam asmeniui garantij\u0173 pagal Lietuvos Respublikos prane\u0161\u0117j\u0173 apsaugos \u012fstatym\u0105. \u017dinomai melaging\u0105 informacij\u0105 pateik\u0119s arba valstyb\u0117s, tarnybos ar profesin\u0119 paslapt\u012f atskleid\u0119s asmuo atsako teis\u0117s akt\u0173 nustatyta tvarka.<\/p>\n\n\n\n<p>Lietuvos Respublikos prane\u0161\u0117j\u0173 apsaugos \u012fstatymas<br><a href=\"https:\/\/www.e-tar.lt\/portal\/lt\/legalAct\/93ad110067e411eca9ac839120d251c4\">https:\/\/www.e-tar.lt\/portal\/lt\/legalAct\/93ad110067e411eca9ac839120d251c4<\/a><\/p>\n\n\n\n<p>Lietuvos Respublikos Vyriausyb\u0117s 2018 m. lapkri\u010dio 14 d. nutarimas Nr. 1133 &#8222;D\u0117l Lietuvos Respublikos prane\u0161\u0117j\u0173 apsaugos \u012fstatymo \u012fgyvendinimo&#8221;<br><a href=\"https:\/\/www.e-tar.lt\/portal\/lt\/legalAct\/61b752d08ff011ecaf3aba0cb308998c\">https:\/\/www.e-tar.lt\/portal\/lt\/legalAct\/61b752d08ff011ecaf3aba0cb308998c<\/a><\/p>\n","protected":false},"excerpt":{"rendered":"<p>Ei\u0161i\u0161ki\u0173 A.Ratkevi\u010diaus sporto mokykloje informacij\u0105 vidiniu informacijos apie pa\u017eeidimus teikimo kanalu gali pateikti, bet kuris fizinis asmuo, kur\u012f su Sporto mokykla, \u012fstaiga ar \u012fmone sieja ar siejo tarnybos, darbo ar sutartiniai santykiai (konsultavimo, rangos, subrangos, sta\u017euot\u0117s, praktikos, savanori\u0161kos veiklos ir pan.) arba \u012fdarbinimo ar kiti ikisutartiniai santykiai, taip pat savaranki\u0161kai dirban\u010dio asmens status\u0105 turintis asmuo, &hellip;<\/p>\n<p class=\"read-more\"> <a class=\"\" href=\"https:\/\/eisiskiuarsportomokykla.lt\/index.php\/praneseju-apsauga\/\"> <span class=\"screen-reader-text\">Prane\u0161\u0117j\u0173 apsauga<\/span> Skaityti daugiau &raquo;<\/a><\/p>\n","protected":false},"author":2,"featured_media":0,"parent":0,"menu_order":0,"comment_status":"closed","ping_status":"closed","template":"","meta":{"site-sidebar-layout":"default","site-content-layout":"default","ast-global-header-display":"","ast-main-header-display":"","ast-hfb-above-header-display":"","ast-hfb-below-header-display":"","ast-hfb-mobile-header-display":"","site-post-title":"","ast-breadcrumbs-content":"","ast-featured-img":"","footer-sml-layout":"","theme-transparent-header-meta":"","adv-header-id-meta":"","stick-header-meta":"","header-above-stick-meta":"","header-main-stick-meta":"","header-below-stick-meta":"","footnotes":""},"class_list":["post-1307","page","type-page","status-publish","hentry"],"_links":{"self":[{"href":"https:\/\/eisiskiuarsportomokykla.lt\/index.php\/wp-json\/wp\/v2\/pages\/1307","targetHints":{"allow":["GET"]}}],"collection":[{"href":"https:\/\/eisiskiuarsportomokykla.lt\/index.php\/wp-json\/wp\/v2\/pages"}],"about":[{"href":"https:\/\/eisiskiuarsportomokykla.lt\/index.php\/wp-json\/wp\/v2\/types\/page"}],"author":[{"embeddable":true,"href":"https:\/\/eisiskiuarsportomokykla.lt\/index.php\/wp-json\/wp\/v2\/users\/2"}],"replies":[{"embeddable":true,"href":"https:\/\/eisiskiuarsportomokykla.lt\/index.php\/wp-json\/wp\/v2\/comments?post=1307"}],"version-history":[{"count":2,"href":"https:\/\/eisiskiuarsportomokykla.lt\/index.php\/wp-json\/wp\/v2\/pages\/1307\/revisions"}],"predecessor-version":[{"id":1312,"href":"https:\/\/eisiskiuarsportomokykla.lt\/index.php\/wp-json\/wp\/v2\/pages\/1307\/revisions\/1312"}],"wp:attachment":[{"href":"https:\/\/eisiskiuarsportomokykla.lt\/index.php\/wp-json\/wp\/v2\/media?parent=1307"}],"curies":[{"name":"wp","href":"https:\/\/api.w.org\/{rel}","templated":true}]}}