{"id":602,"date":"2022-04-13T21:25:52","date_gmt":"2022-04-13T18:25:52","guid":{"rendered":"https:\/\/eisiskiuarsportomokykla.lt\/?page_id=602"},"modified":"2023-03-02T11:41:00","modified_gmt":"2023-03-02T09:41:00","slug":"tinklinis","status":"publish","type":"page","link":"https:\/\/eisiskiuarsportomokykla.lt\/index.php\/tinklinis\/","title":{"rendered":"Tinklinis"},"content":{"rendered":"\n<div class=\"wp-block-cover alignfull\" style=\"min-height:500px;aspect-ratio:unset;\"><span aria-hidden=\"true\" class=\"wp-block-cover__background has-ast-global-color-0-background-color has-background-dim-100 has-background-dim\"><\/span><div class=\"wp-block-cover__inner-container is-layout-flow wp-block-cover-is-layout-flow\">\n<h1 class=\"has-white-color has-text-color wp-block-heading\">Tinklinis<\/h1>\n<\/div><\/div>\n\n\n\n<div class=\"inherit-container-width wp-block-group alignfull has-ast-global-color-5-background-color has-background is-layout-constrained wp-block-group-is-layout-constrained\"><div class=\"wp-block-group__inner-container\">\n<div style=\"height:20px\" aria-hidden=\"true\" class=\"wp-block-spacer\"><\/div>\n\n\n\n<figure class=\"wp-block-image alignleft size-full is-resized\"><img decoding=\"async\" src=\"https:\/\/eisiskiuarsportomokykla.lt\/wp-content\/uploads\/2022\/04\/unnamed-1.png\" alt=\"\" class=\"wp-image-603\" width=\"180\" height=\"180\" srcset=\"https:\/\/eisiskiuarsportomokykla.lt\/wp-content\/uploads\/2022\/04\/unnamed-1.png 400w, https:\/\/eisiskiuarsportomokykla.lt\/wp-content\/uploads\/2022\/04\/unnamed-1-300x300.png 300w, https:\/\/eisiskiuarsportomokykla.lt\/wp-content\/uploads\/2022\/04\/unnamed-1-150x150.png 150w\" sizes=\"(max-width: 180px) 100vw, 180px\" \/><\/figure>\n\n\n\n<p>&nbsp;&nbsp;&nbsp;&nbsp;&nbsp;&nbsp;&nbsp;Komandinio sporto \u017eaidimas, kurio rungtyn\u0117se dvi komandos siekia pelnyti kuo daugiau \u012fvar\u010di\u0173 \u012fmesdami kamuol\u012f \u012f prie\u0161inink\u0173 vartus. Aik\u0161t\u0117je vienu metu \u017eaid\u017eia po septynis kiekvienos komandos \u017eaid\u0117jus 6 \u017eaid\u0117jai ir vartininkas.&nbsp; Paprastai \u017eaid\u017eiama sal\u0117je. Aik\u0161tel\u0117s ilgis \u2013 40 metr\u0173, plotis \u2013 20 metr\u0173. Svarbiausias \u017eaidimo tikslas \u2013 rankomis varant, perdavin\u0117jant vienas kitam kamuol\u012f \u012fmesti \u012f prie\u0161inink\u0173 komandos vartus. Vienas \u017eaid\u0117jas gali laikyti kamuol\u012f ne daugiau nei tris sekundes, taip pat \u017eengti su juo ne daugiau tris \u017eingsnius, po kuri\u0173 jis privalo perduoti kamuol\u012f kitam \u017eaid\u0117jui. Rankinyje \u017eaid\u0117j\u0173 keitim\u0173 skai\u010dius n\u0117ra ribojamas, ta\u010diau naujas \u017eaid\u0117jas gali \u012feiti \u012f aik\u0161t\u0119, tik po to, kai j\u0105 palieka kitas \u017eaid\u0117jas. Besikei\u010diantysSportinis \u017eaidimas su kamuoliu. Tai taip pat olimpin\u0117 komandin\u0117 sporto \u0161aka, kurioje \u017eaid\u017eia dvi komandos sudarytos i\u0161 \u0161e\u0161i\u0173 \u017eaid\u0117j\u0173. Abejas komandas skiria tinklas, o \u017eaid\u0117j\u0173 tikslas \u2013 permu\u0161ti kamuol\u012f per tinkl\u0105 \u012f prie\u0161inink\u0173 teritorij\u0105 ir u\u017edirbti ta\u0161kus pagal tam tikras taisykles. Visos tinklinio taisykl\u0117s yra pla\u010dios, ta\u010diau da\u017eniausiai \u017eaid\u017eiama taip: ta\u0161kai u\u017edirbami, kai kamuolys palie\u010dia prie\u0161inink\u0173 komandos aik\u0161tel\u0117s grindis arba prie\u0161ininkai padaro klaid\u0105. Pirma komanda pasiekusi 25 ta\u0161kus laimi set\u0105, o pirmoji laim\u0117jusi tris setus, laimi rungtynes. Viena komanda negali liesti kamuolio daugiau nei tris kartus, ir tai turi daryti skirtingi \u017eaid\u0117jai. Da\u017eniausiai \u017eaid\u017eiama rankomis, ta\u010diau taisykl\u0117s leid\u017eia kamuol\u012f liesti bet kuria k\u016bno vieta. Kadangi \u017eaid\u0117jai da\u017enai \u0161okin\u0117ja mu\u0161dami kamuol\u012f per tinkl\u0105, svarbiausias fizinis veiksmas yra vertikalus \u0161uolis. Tinklinis turi daug \u012fvairi\u0173 at\u0161ak\u0173, i\u0161 kuri\u0173 populiari yra kita Olimpin\u0117 sporto \u0161aka papl\u016bdimio tinklinis.<\/p>\n\n\n\n<h4 class=\"wp-block-heading\"><strong>Istorija<\/strong><\/h4>\n\n\n\n<p>&nbsp;&nbsp;&nbsp;&nbsp;&nbsp;&nbsp;&nbsp;Tinklinis atsirado 1895m., vienos i\u0161 mokykl\u0173 Masat\u0161iusetso valstijoje, JAV, k\u016bno kult\u016bros mokytojo William Morgan iniciatyva. W. Morgan suk\u016br\u0117 nauj\u0105 \u017eaidim\u0105 mintonette, kuris buvo skirtas \u017eaisti sal\u0117se ir bet kokiam \u017eaid\u0117j\u0173 skai\u010diui. Kai kurias taisykles \u017eaidimas per\u0117m\u0117 i\u0161 teniso ir rankinio. Mintonette buvo sukurtas kaip krep\u0161inio atmaina \u2013 jis buvo \u0161velnesnis \u017eaidimas, skirtas vyresnio am\u017eiaus \u017emon\u0117ms, ta\u010diau vis tiek reikalaujantis \u0161iek tiek fizini\u0173 j\u0117g\u0173. Po \u017eaidimo suk\u016brimo pirmosios oficialios rungtyn\u0117s buvo surengtos 1896m. dabartiniame Springfildo koled\u017ee. Kiek v\u0117liau \u017eaidimas buvo pervadintas \u012f angl. volley ball&nbsp; ir netruko i\u0161plisti visose valstijose, o v\u0117liau ir u\u017e \u0161alies rib\u0173.<\/p>\n\n\n\n<p>&nbsp;&nbsp;&nbsp;&nbsp;&nbsp;&nbsp;&nbsp;Tarptautin\u0117 tinklinio federacija (<a href=\"https:\/\/lt.wikipedia.org\/wiki\/Angl%C5%B3_kalba\">angl.<\/a> F\u00e9d\u00e9ration Internationale de Volleyball, FIVB) \u012fkurta <a href=\"https:\/\/lt.wikipedia.org\/wiki\/1947\">1<\/a>947 m., pirmasis pasaulio \u010dempionatas vyrams surengtas <a href=\"https:\/\/lt.wikipedia.org\/wiki\/1949\">1<\/a>949 m., moterims \u2013 <a href=\"https:\/\/lt.wikipedia.org\/wiki\/1952\">1<\/a>952 m.&nbsp; Tinklinio istorija <a href=\"https:\/\/lt.wikipedia.org\/wiki\/Olimpin%C4%97s_%C5%BEaidyn%C4%97s\">olimpin\u0117se \u017e<\/a>aidyn\u0117se prasid\u0117jo 1924 m., kai <a href=\"https:\/\/lt.wikipedia.org\/wiki\/Pary%C5%BEius\">Pary\u017eiu<\/a>je \u012fvyko amerikieti\u0161k\u0173 sporto \u0161ak\u0173 demonstracin\u0117s var\u017eybos, kuriose buvo pademonstruotas ir tinklinis. Var\u017eybos buvo s\u0117kmingos, tad <a href=\"https:\/\/lt.wikipedia.org\/wiki\/1964\">19<\/a>64 m. tinklinis oficialiai jau buvo olimpin\u0117 sporto \u0161aka.<\/p>\n\n\n\n<p>&nbsp;&nbsp;&nbsp;&nbsp;&nbsp;&nbsp;&nbsp;1929 m. Kaune su\u017eaistos pirmosios tinklinio rungtyn\u0117s tarp Latvijos Lietuvi\u0173 rinktin\u0117s (Rygos \u201eVytis\u201c) ir \u0160an\u010di\u0173 rajono komandos. <a href=\"https:\/\/lt.wikipedia.org\/wiki\/1990\">1990<\/a>&nbsp;m. pirm\u0105 kart\u0105 Lietuvoje \u012fvyko jauni\u0173 papl\u016bdimio tinklinio \u010dempionatas. Nuo <a href=\"https:\/\/lt.wikipedia.org\/wiki\/1992\">1992<\/a>&nbsp;m. prad\u0117ta rengti Lietuvos \u010dempionatus.&nbsp;<a href=\"https:\/\/lt.wikipedia.org\/wiki\/1996\">1996<\/a>&nbsp;m. \u012fkurta Lietuvos papl\u016bdimio tinklinio draugija.<\/p>\n\n\n\n<p>&nbsp;&nbsp;&nbsp;&nbsp;&nbsp;&nbsp;&nbsp;Iki \u0161iol \u012f n\u0117 vienoje Olimpiadoje Lietuva nebuvo delegavusi savo tinklinio komandos, ta\u010diau 1968 <a href=\"https:\/\/lt.wikipedia.org\/wiki\/1968_m._vasaros_olimpin%C4%97s_%C5%BEaidyn%C4%97s\">&nbsp;\u017eaidyn\u0117s<\/a>e Meksike olimpiniu \u010dempionu su SSRS rinktine tapo vilnietis <a href=\"https:\/\/lt.wikipedia.org\/wiki\/Vasilijus_Matu%C5%A1evas\">Vasilijus Matu\u0161evas<\/a>. <a href=\"https:\/\/lt.wikipedia.org\/wiki\/Maskva\">Mask<\/a>vos \u201eDinamo\u201c komandoje \u017eaidusi <a href=\"https:\/\/lt.wikipedia.org\/wiki\/Marijona_Batutyt%C4%97\">Marijona Batut<\/a>yt\u0117 1970 m. tapo pasaulio moter\u0173 tinklinio \u010dempione, o 1971 m.&nbsp;\u2013 Europos moter\u0173 tinklinio pirmenybi\u0173 nugal\u0117toja.&nbsp; Stipriausia lietuvos komanda 2022m buvo pripa\u017einta &#8222;Raseini\u0173 l\u016b\u0161is volley&#8221; Laim\u0117jusi lietuvos \u010dempionat\u0105. Geriausias \u017eaid\u0117jas kuris peln\u0117 daugiausiai ta\u0161k\u0173 yra Matas Vasiliauskas.<\/p>\n\n\n\n<div style=\"height:40px\" aria-hidden=\"true\" class=\"wp-block-spacer\"><\/div>\n<\/div><\/div>\n\n\n\n<div class=\"wp-block-cover alignfull\" style=\"min-height:200px;aspect-ratio:unset;\"><span aria-hidden=\"true\" class=\"wp-block-cover__background has-ast-global-color-0-background-color has-background-dim-100 has-background-dim\"><\/span><div class=\"wp-block-cover__inner-container is-layout-flow wp-block-cover-is-layout-flow\">\n<div class=\"wp-block-media-text is-stacked-on-mobile is-vertically-aligned-center\"><figure class=\"wp-block-media-text__media\"><img fetchpriority=\"high\" decoding=\"async\" width=\"1024\" height=\"768\" src=\"https:\/\/eisiskiuarsportomokykla.lt\/wp-content\/uploads\/2023\/03\/darzelis-8-1024x768.jpg\" alt=\"\" class=\"wp-image-773 size-full\" srcset=\"https:\/\/eisiskiuarsportomokykla.lt\/wp-content\/uploads\/2023\/03\/darzelis-8-1024x768.jpg 1024w, https:\/\/eisiskiuarsportomokykla.lt\/wp-content\/uploads\/2023\/03\/darzelis-8-300x225.jpg 300w, https:\/\/eisiskiuarsportomokykla.lt\/wp-content\/uploads\/2023\/03\/darzelis-8-768x576.jpg 768w, https:\/\/eisiskiuarsportomokykla.lt\/wp-content\/uploads\/2023\/03\/darzelis-8-1536x1152.jpg 1536w, https:\/\/eisiskiuarsportomokykla.lt\/wp-content\/uploads\/2023\/03\/darzelis-8.jpg 2048w\" sizes=\"(max-width: 1024px) 100vw, 1024px\" \/><\/figure><div class=\"wp-block-media-text__content\">\n<div class=\"inherit-container-width wp-block-group is-layout-constrained wp-block-group-is-layout-constrained\"><div class=\"wp-block-group__inner-container\">\n<h2 class=\"has-text-align-center has-white-color has-text-color wp-block-heading\">Kyla klausim\u0173? Skambinkite dabar!<\/h2>\n\n\n\n<div class=\"wp-block-buttons is-horizontal is-content-justification-center is-layout-flex wp-container-core-buttons-is-layout-03627597 wp-block-buttons-is-layout-flex\">\n<div class=\"wp-block-button\"><a class=\"wp-block-button__link has-ast-global-color-0-color has-text-color has-background wp-element-button\" href=\"#\" style=\"background-color:#ffffff\">(8-380) 56498<\/a><\/div>\n<\/div>\n<\/div><\/div>\n<\/div><\/div>\n<\/div><\/div>\n","protected":false},"excerpt":{"rendered":"<p>&nbsp;&nbsp;&nbsp;&nbsp;&nbsp;&nbsp;&nbsp;Komandinio sporto \u017eaidimas, kurio rungtyn\u0117se dvi komandos siekia pelnyti kuo daugiau \u012fvar\u010di\u0173 \u012fmesdami kamuol\u012f \u012f prie\u0161inink\u0173 vartus. Aik\u0161t\u0117je vienu metu \u017eaid\u017eia po septynis kiekvienos komandos \u017eaid\u0117jus 6 \u017eaid\u0117jai ir vartininkas.&nbsp; Paprastai \u017eaid\u017eiama sal\u0117je. Aik\u0161tel\u0117s ilgis \u2013 40 metr\u0173, plotis \u2013 20 metr\u0173. Svarbiausias \u017eaidimo tikslas \u2013 rankomis varant, perdavin\u0117jant vienas kitam kamuol\u012f \u012fmesti \u012f prie\u0161inink\u0173 &hellip;<\/p>\n<p class=\"read-more\"> <a class=\"\" href=\"https:\/\/eisiskiuarsportomokykla.lt\/index.php\/tinklinis\/\"> <span class=\"screen-reader-text\">Tinklinis<\/span> Skaityti daugiau &raquo;<\/a><\/p>\n","protected":false},"author":1,"featured_media":0,"parent":0,"menu_order":0,"comment_status":"closed","ping_status":"closed","template":"","meta":{"site-sidebar-layout":"no-sidebar","site-content-layout":"plain-container","ast-global-header-display":"","ast-main-header-display":"","ast-hfb-above-header-display":"","ast-hfb-below-header-display":"","ast-hfb-mobile-header-display":"","site-post-title":"disabled","ast-breadcrumbs-content":"","ast-featured-img":"","footer-sml-layout":"","theme-transparent-header-meta":"enabled","adv-header-id-meta":"","stick-header-meta":"","header-above-stick-meta":"","header-main-stick-meta":"","header-below-stick-meta":"","footnotes":""},"class_list":["post-602","page","type-page","status-publish","hentry"],"_links":{"self":[{"href":"https:\/\/eisiskiuarsportomokykla.lt\/index.php\/wp-json\/wp\/v2\/pages\/602","targetHints":{"allow":["GET"]}}],"collection":[{"href":"https:\/\/eisiskiuarsportomokykla.lt\/index.php\/wp-json\/wp\/v2\/pages"}],"about":[{"href":"https:\/\/eisiskiuarsportomokykla.lt\/index.php\/wp-json\/wp\/v2\/types\/page"}],"author":[{"embeddable":true,"href":"https:\/\/eisiskiuarsportomokykla.lt\/index.php\/wp-json\/wp\/v2\/users\/1"}],"replies":[{"embeddable":true,"href":"https:\/\/eisiskiuarsportomokykla.lt\/index.php\/wp-json\/wp\/v2\/comments?post=602"}],"version-history":[{"count":2,"href":"https:\/\/eisiskiuarsportomokykla.lt\/index.php\/wp-json\/wp\/v2\/pages\/602\/revisions"}],"predecessor-version":[{"id":774,"href":"https:\/\/eisiskiuarsportomokykla.lt\/index.php\/wp-json\/wp\/v2\/pages\/602\/revisions\/774"}],"wp:attachment":[{"href":"https:\/\/eisiskiuarsportomokykla.lt\/index.php\/wp-json\/wp\/v2\/media?parent=602"}],"curies":[{"name":"wp","href":"https:\/\/api.w.org\/{rel}","templated":true}]}}